Calculate the greatest common factor of 70560 and 8293005.
2205
Calculate the highest common factor of 29962839 and 5298.
2649
Calculate the highest common divisor of 15766744 and 98.
14
What is the greatest common factor of 7412550 and 1350?
150
Calculate the greatest common factor of 1313767 and 1144.
13
What is the greatest common divisor of 39312 and 5877?
9
Calculate the highest common factor of 46776 and 249552.
24
What is the greatest common divisor of 4102488 and 3409?
487
Calculate the highest common factor of 11550056 and 140.
28
Calculate the greatest common divisor of 4032700 and 665.
35
Calculate the highest common factor of 4790 and 66310.
10
What is the greatest common factor of 30658026 and 42?
42
What is the greatest common factor of 70682 and 1259098?
1198
What is the highest common divisor of 2064783 and 336?
21
What is the greatest common factor of 13082 and 14579678?
422
Calculate the highest common divisor of 142652405 and 40117.
3647
Calculate the greatest common factor of 1410145 and 10395.
55
What is the greatest common divisor of 28 and 46706786?
14
What is the highest common divisor of 934903915 and 19910?
9955
What is the highest common divisor of 255 and 210477?
51
What is the highest common factor of 10984 and 20822918?
2746
What is the greatest common factor of 2327024255 and 565?
565
Calculate the greatest common factor of 109558074 and 2379.
183
What is the highest common divisor of 4 and 1774114?
2
Calculate the highest common divisor of 89204 and 5606010.
1538
What is the greatest common factor of 96 and 582252?
12
Calculate the highest common factor of 775 and 2371850.
25
Calculate the greatest common factor of 4122 and 31829397.
687
What is the highest common divisor of 426854 and 36505099?
4541
What is the highest common factor of 674 and 6170?
2
Calculate the greatest common factor of 167067703 and 4852.
1213
Calculate the greatest common factor of 3148 and 17661067.
787
What is the greatest common divisor of 15587 and 2347969?
1417
Calculate the highest common factor of 99159478 and 44.
22
Calculate the highest common divisor of 469 and 624827.
7
What is the highest common divisor of 28472000 and 3250?
250
Calculate the greatest common divisor of 4069649 and 50623.
2201
What is the greatest common factor of 310 and 26452424?
62
Calculate the highest common divisor of 1796 and 947980.
4
Calculate the greatest common divisor of 24 and 1377048.
24
What is the greatest common factor of 3892473 and 646?
323
Calculate the greatest common divisor of 89272 and 232.
8
Calculate the greatest common divisor of 511 and 69440.
7
What is the greatest common factor of 2505298 and 5599?
509
What is the highest common factor of 1322412 and 416?
52
What is the greatest common factor of 957795 and 37515?
15
Calculate the highest common factor of 51704 and 6223432.
184
What is the greatest common factor of 95608 and 74888?
296
What is the greatest common divisor of 532 and 355500754?
266
What is the greatest common factor of 357336 and 75096?
504
Calculate the greatest common divisor of 139971 and 28058511.
3783
What is the greatest common divisor of 38904 and 16152?
24
Calculate the highest common divisor of 5837 and 29133.
13
What is the greatest common factor of 112904 and 22396?
44
Calculate the highest common factor of 486 and 68866614.
18
What is the highest common factor of 990 and 19773050?
110
What is the greatest common divisor of 3484067 and 1340?
67
Calculate the greatest common divisor of 4646 and 1807938.
46
Calculate the greatest common factor of 3569980 and 420.
20
Calculate the highest common factor of 88 and 5537048.
88
What is the greatest common factor of 44 and 989592?
4
Calculate the greatest common divisor of 544 and 1290624.
32
Calculate the greatest common divisor of 306 and 17699278.
34
Calculate the highest common factor of 119 and 27585271.
119
Calculate the greatest common divisor of 44950900 and 700.
100
What is the greatest common divisor of 112 and 130121054?
14
Calculate the highest common factor of 5166 and 248662827.
2583
What is the greatest common factor of 86490012 and 21?
21
What is the greatest common factor of 140 and 3642940?
140
What is the highest common divisor of 2697381235 and 8165?
8165
Calculate the greatest common divisor of 112 and 118140656.
16
Calculate the greatest common divisor of 52654 and 111709222.
7522
Calculate the highest common factor of 33 and 1454948979.
33
Calculate the highest common divisor of 132 and 56732082.
66
What is the greatest common factor of 67127 and 1064?
19
Calculate the highest common factor of 28325 and 61545.
55
Calculate the highest common factor of 1222 and 44093426.
1222
What is the highest common divisor of 47421480 and 24?
24
What is the highest common divisor of 251 and 1920209989?
251
What is the highest common divisor of 596359 and 964135?
1277
Calculate the greatest common factor of 536 and 2176.
8
Calculate the highest common factor of 110774 and 1687876.
1142
Calculate the greatest common factor of 8155411 and 88.
11
Calculate the highest common divisor of 8810641 and 663.
17
What is the highest common divisor of 16 and 770279024?
16
What is the highest common factor of 814734 and 8991?
9
Calculate the highest common factor of 13143040 and 510.
170
Calculate the highest common factor of 1038787 and 57.
19
What is the highest common factor of 486 and 735723?
81
What is the highest common factor of 40424 and 12632?
8
What is the greatest common factor of 364 and 50584625?
91
What is the highest common factor of 31377239 and 2077?
2077
What is the greatest common divisor of 99 and 12704934?
33
Calculate the highest common factor of 1486182 and 354.
6
Calculate the greatest common factor of 2462 and 99526350.
2462
What is the greatest common divisor of 225027181 and 51?
17
Calculate the highest common factor of 18153916 and 1408.
44
What is the greatest common factor of 81301 and 2904?
11
What is the greatest common factor of 255697740 and 295?
295
What is the highest common divisor of 28188 and 549321480?
3132
What is the highest common factor of 745552 and 661504?
272
Calculate the highest common factor of 3905032 and 5681.
437
Calculate the highest common factor of 27297 and 3483.
81
Calculate the greatest common divisor of 18834 and 2686382.
86
What is the greatest common factor of 213 and 214748517?
213
Calculate the highest common factor of 8130 and 1993360.
10
Calculate the greatest common divisor of 278860 and 7884.
292
Calculate the highest common factor of 5160 and 248400.
120
Calculate the greatest common divisor of 25973 and 130777.
19
Calculate the greatest common factor of 98748 and 211068.
468
Calculate the greatest common factor of 8057 and 35266.
7
What is the greatest common divisor of 90 and 893406582?
18
What is the greatest common factor of 10700 and 61614880?
2140
Calculate the greatest common factor of 64 and 722595904.
64
What is the greatest common divisor of 1333268 and 689?
53
What is the highest common divisor of 422986561 and 1348?
337
Calculate the highest common divisor of 40573140 and 60.
60
What is the highest common factor of 16058520 and 108?
108
What is the highest common divisor of 18928 and 7615478?
338
What is the highest common divisor of 1565 and 23332585?
1565
Calculate the highest common divisor of 12803 and 13761396.
1829
What is the greatest common factor of 44280 and 2751240?
120
What is the highest common divisor of 711180 and 2342943?
3951
What is the highest common factor of 2284 and 10733087?
571
Calculate the highest common divisor of 9170 and 5802895.
35
What is the highest common factor of 14280 and 1621120?
680
Calculate the highest common divisor of 14403 and 50832988.
4801
What is the highest common factor of 864 and 83424?
96
Calculate the greatest common divisor of 1214666604 and 486.
486
What is the greatest common factor of 17968185 and 908?
227
What is the greatest common factor of 320 and 1452275?
5
Calculate the greatest common factor of 2415 and 3398595.
345
What is the highest common factor of 2589 and 362717174?
863
What is the highest common factor of 2050 and 2619150?
50
What is the greatest common factor of 821428846 and 49?
49
Calculate the greatest common fact